f g and 2?
2
Let u(t) = -t + 8. Let f be u(-3). Let o = 30 - f. Calculate the greatest common divisor of o and 95.
19
Let f(b) = -b**3 + 14*b**2 + 25*b + 66. Let o be f(15). Calculate the highest common divisor of o and 120.
24
Let c(r) = 12*r**2 - 6*r + 6. Let n be c(1). What is the greatest common divisor of n and 54?
6
Suppose q + 1 = 5*s, -19 = 2*q + 3*s - 82. Calculate the greatest common factor of 6 and q.
6
Suppose -7850 - 4300 = -18*l. What is the greatest common divisor of 27 and l?
27
Let a = 94 - 90. Suppose -4*r + 262 = 3*g - 2*r, -4*g = -a*r - 356. What is the greatest common factor of 11 and g?
11
Suppose -v = 2*d - 93, 2*d - 4*v + 6*v - 98 = 0. Calculate the highest common factor of d and 308.
44
Let p = -105 - -126. What is the highest common factor of 3423 and p?
21
Let x be (20/30)/((-8)/(-612)). What is the greatest common factor of x and 9?
3
Let w(r) = 88*r - 9. Let l be w(3). Let j be l/34*(-100)/(-6). Suppose 161 - 36 = 5*v. What is the highest common divisor of j and v?
25
Let c(x) = -5*x**2 + 91*x - 14. Let p be c(18). What is the highest common divisor of p and 146?
2
Let h(r) = 43*r + 25. Let c be h(5). Calculate the highest common factor of 30 and c.
30
Let y(b) = 9*b - 24. Let o be y(3). Suppose -o*l = 5*l - 16. What is the greatest common factor of 10 and l?
2
Let r be 1/((-5)/(-260)) + 6. Suppose -1 = -o, 0*p + o = p - 1. Calculate the greatest common factor of r and p.
2
Let z = -6 + 18. Let f be 3/2*(-32)/z. Let k be 3/(-4) - 7/f. Calculate the greatest common factor of 7 and k.
1
Let g = -119 + 107. Let y be (g - -13) + 81/3. What is the highest common factor of y and 252?
28
Let w = 1233 + -865. What is the greatest common factor of w and 32?
16
Let y = -876 + 906. Let f = 6 - -9. Calculate the greatest common factor of y and f.
15
Suppose -5*y + y + 5*n = 8, 0 = -2*y - 4*n + 22. Suppose -3*d + 800 = -5*w, -2*d + 4*d + y*w - 565 = 0. What is the greatest common divisor of d and 25?
25
Suppose -4*s - 1048 = -4*q, 4*q + 18*s = 13*s + 1030. What is the highest common factor of 40 and q?
20
Let s be 12/15 + (-166)/(-5). Calculate the highest common divisor of 374 and s.
34
Let t = -120 + 128. Let n(g) = g**2 + 5*g - 2. Let v be n(-7). Calculate the highest common divisor of v and t.
4
Suppose 5*n - 213 = 20*h - 23*h, 3*h - 4*n = 213. Calculate the highest common factor of 1633 and h.
71
Let h = 61 - 21. Let o = 322 - 42. Calculate the highest common divisor of h and o.
40
Let k be -4*(6/8)/(-1). Let x(c) = -2*c + 7. Let p be x(-7). Calculate the greatest common factor of p and k.
3
Let n(c) = 19*c - 2. Let s be n(14). Suppose 0 = 6*q - 165 + 33. What is the highest common divisor of s and q?
22
Let g(v) = -v**3 - 2*v**2 + 26*v - 5. Let a be g(-11). Calculate the greatest common factor of a and 14.
14
Let c be (-160)/24*3/(-2). Calculate the greatest common divisor of c and 80.
10
Let m be 3 - ((-13 - 4) + 0). Let r be (-3)/12 - (-1085)/m. Let w = r + 31. Calculate the greatest common divisor of 17 and w.
17
Let k be (1 + 0)/(0 - -1). Suppose 10*r - 9*r + 12 = 0. Let b = 20 + r. Calculate the greatest common factor of k and b.
1
Suppose w - 4*s + 11 = 0, -2*w - 4*s - 31 = 3*w. Let i = w - -13. Calculate the greatest common divisor of i and 6.
6
Let f(m) = m**2 - 15*m + 14. Let r be f(17). Let i(g) = 3*g**2 - 4*g + 2. Let j be i(2). Calculate the greatest common factor of r and j.
6
Let j = 626 - 590. What is the greatest common divisor of j and 828?
36
Let k = 194 - -74. What is the greatest common factor of k and 67?
67
Suppose -13 + 10 = -r. Calculate the highest common factor of r and 72.
3
Let i(z) = z - 3. Let o be i(-11). Let y(g) = -7*g + 2. Let q be y(o). Calculate the highest common divisor of 40 and q.
20
Let u(c) = 271*c - 13. Let r be u(1). Calculate the greatest common divisor of r and 42.
6
Let c = -106 + 178. Let n = -29 + c. What is the greatest common factor of n and 473?
43
Suppose 4*j = -63 + 419. Suppose -3*q = 2*q - 270. Let d = j - q. What is the highest common factor of d and 14?
7
Suppose 2*t + 2*w - 9 = t, w - 6 = -t. What is the highest common divisor of 219 and t?
3
Let m(n) = -n + 4. Let p be m(2). Let x(z) = 6*z - 8*z - 9 - 3. Let j be x(-8). What is the highest common divisor of j and p?
2
Let a be 4/((-8)/6) + -30. Let w be (-18)/(1 - (-39)/a). What is the highest common divisor of w and 33?
33
Let g be (-6)/15 + 966/15. Suppose -6*x + 332 = 44. What is the highest common divisor of g and x?
16
Let j = 0 + 26. Suppose -3*y + j = 4*u - 4, -2*y + 2*u = -20. Let g = 30 - y. What is the greatest common divisor of g and 50?
10
Let q be (84/49)/((-4)/(-14)). Suppose -10*r + 972 = -q*r. Let h(j) = -9*j. Let c be h(-3). What is the highest common divisor of c and r?
27
Suppose -13*f = -22*f + 972. What is the highest common divisor of f and 48?
12
Suppose 0 = u, -y - 4*u + 160 = 3*y. What is the greatest common divisor of 20 and y?
20
Suppose 14*t - 10*t - 380 = 0. Let r be (-1 + 129/15)/((-2)/(-5)). What is the greatest common factor of t and r?
19
Let x(q) = -9*q - 3. Let v be x(2). Let t be (70/v)/(4/(-18)). What is the highest common factor of t and 165?
15
Let b be (-7)/(112/(-962)) - (-2)/(-16). Calculate the highest common divisor of b and 1100.
20
Let k(p) = -29*p. Let v be k(-1). Suppose -25*l - 160 = -v*l. What is the greatest common divisor of 100 and l?
20
Let h be 4/(-2 + 0 + 1). Let o be (-38)/h + (-1)/2. Let f be (3 - 32/12) + 535/15. Calculate the highest common factor of o and f.
9
Let w = -369 - -242. Let b = 73 - w. Calculate the highest common factor of b and 40.
40
Let o be 4/(-6) + (-100)/(-6). Let c(u) = u**3 - 8*u**2 + 2*u + 19. Let v be c(9). Let n = -70 + v. What is the greatest common factor of n and o?
16
Let n be -8 - -8 - (-2 - (-1 - -1)). Suppose -p + n*p + s - 4 = 0, -4*p - 2*s = -10. Calculate the highest common divisor of p and 2.
1
Let v be 0 - (-1360)/25 - 2/5. What is the greatest common divisor of v and 4?
2
Suppose 195 = 22*m - 17*m. Suppose -5*x + 2*v - 3 + 141 = 0, 0 = 3*v + 12. What is the greatest common factor of x and m?
13
Suppose 4*s + 4*f - 448 = 0, 3*s - f = -3*f + 332. Let a = 18 - 6. What is the greatest common divisor of a and s?
12
Let d = 343 + -319. Let i = -2 - -2. Let w be i - 2 - (8 - 46). What is the highest common factor of d and w?
12
Let y = 53 - 50. Suppose -y*p + 0*p = 3*q - 36, 2*p = 4. Suppose -2*b = -4*w + 14, 3 = w - 3*b + 2. Calculate the greatest common divisor of q and w.
2
Let j = 21 - 16. Suppose 2*k = 3*k, j*k = -2*p + 50. Suppose 0 = -w + p - 9. Calculate the greatest common factor of w and 112.
16
Suppose 13*m = 9*m + 84. Suppose 255 = 2*n - m. Let r = -33 + n. What is the highest common divisor of 21 and r?
21
Let m = 33 + 132. Let a(n) = -24*n + 135. Let i be a(5). Calculate the greatest common factor of i and m.
15
Suppose n - 5 = -2*b - 4, 0 = -2*b + 4*n + 26. Calculate the greatest common divisor of 303 and b.
3
Let b(g) = g**2 + 5*g + 3. Let i be b(-4). Let o be 46 + i/1 + 3. Suppose h - o = -3*h. What is the highest common factor of h and 36?
12
Let y be 76/8*(9 - (-7 - 2)). What is the greatest common divisor of y and 19?
19
Let k be ((0 - 1) + 36)/(-1). Let z = k - -83. Suppose -3*x + 6 = -2*x. What is the greatest common divisor of z and x?
6
Suppose 4*i - 42 = 2*w, 3*i + 4*w = 5*i - 30. Calculate the greatest common divisor of i and 135.
9
Let b = 999 + -957. What is the highest common divisor of b and 238?
14
Suppose 685 - 650 = 5*b. Suppose 0 = -2*j + 5*j - 105. What is the highest common divisor of b and j?
7
Suppose 2*i = 5*i - 18. Let r be (10/(-6))/(i/(-180)). Calculate the greatest common divisor of r and 20.
10
Suppose -2*p - 3*w = 9, 3*w + 8 - 2 = -3*p. Let b be (2/p - 0) + 1926/27. What is the greatest common divisor of b and 9?
9
Let w be ((-126)/8)/(12/(-64)). Let a be (-6)/(-4) - 7/(-14). Suppose -s + 14 = a*c, 4*s - 6*s = 2*c - 26. Calculate the greatest common divisor of s and w.
12
Suppose 0*l - 2*l - 3*x - 14 = 0, l + 5*x = -7. Let v(d) = d**3 + 7*d**2 - 8*d - 8. Let i be v(l). Calculate the highest common factor of 32 and i.
16
Let n(f) be the second derivative of f**4/12 - 8*f**3/3 - 7*f**2 + 3*f. Let t be n(17). Let r be 6 - t/(-2 - 1). What is the highest common factor of 28 and r